 - 260*n. What is the greatest common divisor of 992 and n?
32
Let c be (((-24)/(-10))/2)/(30/(-30100)). Let f = c + 1219. Let h = 50 + -20. Calculate the greatest common factor of h and f.
15
Suppose -7*g + 6*g + 4*k = -42, -g - 4*k + 18 = 0. Suppose -2*c + 53*c = 13770. What is the highest common factor of c and g?
30
Suppose 6405*j = 6400*j + 140. What is the greatest common factor of j and 2142?
14
Suppose -5925 = -80*o - 85. Let u(v) = -74*v - 11. Let z be u(-11). What is the greatest common factor of o and z?
73
Suppose 1348 = 5*w - 4*v, -v + 1940 = 128*w - 121*w. Calculate the greatest common factor of 345 and w.
69
Let i(q) = 15*q + 110. Let h be i(-7). Let f = -80 + 137. Suppose 2*o + f = h*o. What is the greatest common factor of o and 190?
19
Suppose -382*g + 31028 + 27800 = 0. What is the highest common factor of 9746 and g?
22
Let s(x) = -x**3 + 5*x**2 - 3*x + 1. Let o be s(2). Suppose -136*g = -135*g - 56. Calculate the highest common divisor of o and g.
7
Let q(k) = -k. Let x be q(-10). Suppose -80*b + 169 = 100*b - 191. What is the highest common factor of x and b?
2
Let m be ((-24)/5)/(-6) + (-42)/(-10). Let k be 378/(8 + -5) - m. What is the greatest common divisor of k and 44?
11
Let b(s) = 33*s - 63. Let k be b(3). Let i be 16 - (-1 - 0)/(9/k). Let x be (8/10)/(2/10). Calculate the greatest common divisor of x and i.
4
Let h = 255 - 401. Let w = 220 - h. Calculate the highest common divisor of 6 and w.
6
Suppose -6*i = -82 - 109 - 31. Let c = 51 + -14. What is the greatest common divisor of c and i?
37
Let m(q) = -q**2 + q + 76. Let w be m(6). What is the greatest common factor of 667 and w?
23
Let o = -1263 - -4683. Calculate the greatest common divisor of o and 2340.
180
Let c(i) = 19*i**3 - 1. Let n be c(1). Let p = 49 + 14. What is the greatest common divisor of n and p?
9
Suppose -10 = 5*h - 45. Suppose h*i + 165 - 1229 = 0. What is the highest common divisor of 38 and i?
38
Let v be (-3 + 7)*(-633)/4. Let b = -206 - v. Let m = b + -220. Calculate the greatest common factor of m and 23.
23
Suppose w + 265*z - 261*z - 64 = 0, 4*z = 3*w - 96. What is the highest common factor of 950 and w?
10
Let i be 24/(-72)*7*-3. Let d = -26 + 26. Suppose d = 5*j - j - 532. Calculate the highest common factor of i and j.
7
Suppose 6*j + 23*j = 58. Let u be ((-7)/(-6) - 5/30)*j. What is the highest common factor of u and 8?
2
Let u be -84*(-18)/16*(-8)/(-12). What is the highest common factor of 504 and u?
63
Suppose -s - 3*n + 725 = 0, -10*n + 14*n - 3669 = -5*s. What is the greatest common factor of s and 2546?
67
Suppose 12*p - 171 = -159. What is the highest common factor of p and 349?
1
Suppose -1440*p + 1469*p + 29 = 725. Calculate the highest common factor of p and 16584.
24
Let v be 60/(-14)*(3112/(-24) + -29). Calculate the highest common divisor of v and 85.
85
Let a(m) = m**3 + 14*m**2 - 16*m - 17. Let j be a(-15). Let f be -7 - (-288)/4 - 2/j. Calculate the highest common factor of f and 22.
22
Let g = -58290 - -124297. What is the greatest common factor of g and 149?
149
Suppose 981*j - 1011*j + 337 = -23. Calculate the highest common divisor of 12 and j.
12
Let o = 13 + -5. Suppose x - 3 = -3*i, -915 + 932 = 3*x + i. What is the highest common divisor of o and x?
2
Let z be (-1)/2*-658 - (-32 - -36). Calculate the highest common divisor of 312 and z.
13
Suppose -41*j - 448 = -15*j - 34*j. Let q(h) = h**2 - 15. Let z be q(13). Calculate the highest common factor of j and z.
14
Let n = 11929 - 11889. Suppose 3*k - b - 2*b = 219, -b = -2*k + 143. What is the highest common factor of k and n?
10
Let y be 45/2*((-21)/(-9) - -1). Let k = -7 + y. Calculate the greatest common factor of k and 170.
34
Suppose 100*g - u - 2835 = 97*g, -u = 4*g - 3780. Let o(k) = 27*k**2 - k - 1. Let h be o(2). What is the greatest common factor of h and g?
105
Let g be ((-5)/15)/(1/(-27)). Suppose -875 = 2*t - g*t. Let o = 332 - 307. Calculate the greatest common divisor of t and o.
25
Let o(d) be the third derivative of 0*d - 17*d**2 + 1/6*d**3 + 0 + 19/24*d**4. Let i be o(1). What is the highest common divisor of 4 and i?
4
Suppose 0 = -x + 3*x - 108. Let p = -149 + 147. Let r(y) = 27*y**2 + 8*y - 2. Let b be r(p). Calculate the greatest common divisor of x and b.
18
Suppose -j + 147 = l - 340, 0 = -3*l + 4*j + 1426. Suppose -s - 60 + l = x, 3*x = 3*s - 1296. Calculate the highest common factor of s and 7.
7
Suppose 350*d + 340*d - 701*d = -36608. What is the greatest common factor of 650 and d?
26
Let r be 7/(14/30)*(-2)/(-3). Suppose -770 = 5*s - r*s. Suppose i + 5*m - 9 = 0, -4*i - 2*m = -7*i + 44. What is the greatest common divisor of s and i?
14
Let w be (-2)/(-11) + (-106)/(-22). Let t be w/(35/1043) + 1. What is the highest common factor of 100 and t?
50
Suppose -17*f = -x + 14, 2*f = 5*x + 5*f - 774. Calculate the greatest common factor of x and 25.
25
Let x = 10822 - 10807. Suppose k = -5*s + 5, -4*s = k + k - 40. What is the highest common divisor of x and k?
15
Let w = 717 - 798. Let d be (-4)/(-18) - ((-1125)/w)/(-5). Calculate the highest common factor of 15 and d.
3
Suppose -5*o - 3*b + 895 = 0, -408 = -4*o - 5*b + 295. Let x = 4500 + -4486. What is the greatest common divisor of x and o?
14
Let c(z) = -7*z - 1 + 9*z + 7*z**2 + 13 + z**3 - 2. Let q be c(-6). What is the highest common factor of 221 and q?
17
Suppose -17902 = 36*y - 87634. Calculate the greatest common factor of 149 and y.
149
Let q = -3996 - -6879. Calculate the highest common divisor of q and 93.
93
Suppose 279 = -6*d + 37*d. Let k(h) = 2*h + 6. Let y = 3 - 3. Let r be k(y). What is the greatest common divisor of r and d?
3
Let k be 506/14 - (-2)/(-14). Let x = -28 + 31. Suppose -x*p = -p - k. Calculate the highest common divisor of 126 and p.
18
Let h be ((-5)/(-30))/(5/15)*70. Suppose -6*c = -5*a - 4*c + 62, 3*a = -c + h. What is the highest common divisor of 96 and a?
12
Let c be (-4 + (-11908)/8)*72/(-90). Calculate the greatest common divisor of 6 and c.
6
Let b = 449 - -109. Let u = -467 + b. What is the highest common divisor of u and 14?
7
Suppose -4*v + 8078 = 2*q, -5724 + 15832 = 5*v + 4*q. Calculate the highest common factor of v and 28.
28
Let o(d) = -d - 14. Let c be o(-46). Suppose 0 = -p + 3*t + 5, 4*t + c - 2 = 3*p. Calculate the greatest common divisor of 77 and p.
7
Let r(f) = f**3 + 21*f**2 + 5*f - 8. Let j be r(-9). Let c = 1035 - j. What is the highest common factor of c and 145?
29
Suppose 0 = -4*b - 2*m + 38, 26*m = -3*b + 30*m - 10. Suppose 5*f = 17 - 2. Calculate the highest common divisor of f and b.
3
Suppose 7*r - 68 = -12. Let k(y) = y**3 - 10*y**2 + 17*y + 19. Let b be k(r). Calculate the greatest common factor of b and 432.
27
Suppose -4*i = -36895 - 46933. What is the greatest common factor of i and 38?
19
Let t be 1/(-24) + (-88837)/(-888). What is the greatest common factor of t and 625?
25
Suppose 432*a - 130*a = 951300. Calculate the greatest common divisor of 2205 and a.
315
Suppose -12*q + 8*q = 8. Let j be (-53 - -4)*((-1 - -1) + q). What is the highest common factor of 42 and j?
14
Let b = 99 + -97. Suppose -5*s = -6*s + 3*h + 5, 5*s - b*h = 12. What is the greatest common factor of s and 19?
1
Suppose 2*l + 93 = 2*n + 11, 4*l + 59 = n. What is the greatest common factor of 9135 and n?
35
Let g(r) = -2*r - 6. Let n be g(-4). Suppose -5*l + 62 = -0*l - 3*i, i = n*l - 24. Suppose 0 = 14*y + l - 52. Calculate the greatest common divisor of 39 and y.
3
Let x(u) = 441*u**2 - 18*u + 7. Let c be x(1). Calculate the greatest common divisor of c and 180.
10
Let j be 812/(-98) - -8 - 132/(-21). What is the highest common divisor of j and 20?
2
Let y(k) = -7*k + 37. Let x be y(5). Suppose -3*z + x*l = -12, l - 4 = -5*z + 3. Let j = -17 + 19. Calculate the greatest common divisor of z and j.
2
Suppose 168 = -64*a + 68*a. Let k = 42 + -39. Let x(w) = 4*w**2 - 2*w - 2. Let n be x(k). Calculate the highest common factor of a and n.
14
Suppose -722*c + 762*c - 4320 = 0. What is the greatest common divisor of c and 4932?
36
Let a(z) = 3*z + 30. Let j be a(-2). What is the greatest common divisor of j and 372?
12
Let q = 220 - 217. Suppose -q*x + s + 547 = 0, -5*s + 761 = x + 3*x. Calculate the highest common divisor of x and 46.
46
Supp